e prime factors of 1048428649.
31, 33820279
What are the prime factors of 35492473?
23, 47, 32833
What are the prime factors of 793873623?
3, 264624541
What are the prime factors of 46305046?
2, 23152523
List the prime factors of 3615431.
3615431
List the prime factors of 129786925.
5, 17, 31, 9851
What are the prime factors of 219661663?
13, 151, 317, 353
What are the prime factors of 744476468?
2, 19, 83, 107, 1103
List the prime factors of 41411306.
2, 20705653
What are the prime factors of 75603910?
2, 5, 73, 103567
List the prime factors of 3166057971.
3, 351784219
What are the prime factors of 1202735460?
2, 3, 5, 20045591
What are the prime factors of 95661478?
2, 11, 1913, 2273
What are the prime factors of 1875815684?
2, 47, 9977743
List the prime factors of 424569176.
2, 401, 132347
List the prime factors of 197738888.
2, 797, 31013
What are the prime factors of 2900425445?
5, 173, 3353093
List the prime factors of 57356592.
2, 3, 19, 61, 1031
What are the prime factors of 206612909?
251, 733, 1123
What are the prime factors of 1583059760?
2, 5, 19788247
What are the prime factors of 632640792?
2, 3, 7, 137, 27487
List the prime factors of 5292253302.
2, 3, 7, 433, 291007
What are the prime factors of 40427892?
2, 3, 1122997
List the prime factors of 208638629.
101, 2065729
List the prime factors of 799511138.
2, 2221, 179989
List the prime factors of 3511620.
2, 3, 5, 7, 929
What are the prime factors of 127019003?
347, 389, 941
List the prime factors of 69716609.
17, 29, 141413
What are the prime factors of 37928159?
31, 1223489
List the prime factors of 453438326.
2, 11, 20610833
List the prime factors of 56880556.
2, 1319, 10781
List the prime factors of 41480351.
11, 3770941
List the prime factors of 1163359162.
2, 7, 859, 96737
What are the prime factors of 873823163?
773, 1130431
List the prime factors of 11974035.
3, 5, 17, 46957
List the prime factors of 258626429.
863, 299683
What are the prime factors of 768162670?
2, 5, 11, 103, 151, 449
List the prime factors of 196921488.
2, 3, 223, 18397
List the prime factors of 1156814699.
8101, 142799
List the prime factors of 574381465.
5, 7, 17, 179, 5393
List the prime factors of 25428268.
2, 6357067
What are the prime factors of 2680404682?
2, 23, 929, 62723
What are the prime factors of 323044732?
2, 2153, 37511
What are the prime factors of 2539596572?
2, 634899143
List the prime factors of 1651183519.
6883, 239893
List the prime factors of 266380496.
2, 16648781
What are the prime factors of 51956705?
5, 10391341
What are the prime factors of 29385205?
5, 5877041
List the prime factors of 51514567.
13, 19, 73, 2857
What are the prime factors of 216173540?
2, 5, 11, 29, 31, 1093
What are the prime factors of 22664110?
2, 5, 7, 199, 1627
What are the prime factors of 30684789?
3, 1153, 2957
What are the prime factors of 7258702351?
97, 1709, 43787
List the prime factors of 233850158.
2, 59, 547, 3623
List the prime factors of 3224477074.
2, 7, 13, 17, 80167
What are the prime factors of 2428108594?
2, 269, 4513213
List the prime factors of 226040073.
3, 7, 71, 151603
What are the prime factors of 2224771668?
2, 3, 7, 31, 37, 43, 179
List the prime factors of 362373147.
3, 40263683
What are the prime factors of 1828499383?
619, 2953957
What are the prime factors of 136604047?
4409, 30983
What are the prime factors of 3076507614?
2, 3, 512751269
What are the prime factors of 22611377?
17, 41, 32441
What are the prime factors of 50282960?
2, 5, 7, 13, 6907
List the prime factors of 106223917.
106223917
List the prime factors of 9799442.
2, 43, 113947
What are the prime factors of 2235340?
2, 5, 111767
What are the prime factors of 21915030?
2, 3, 5, 67, 10903
List the prime factors of 667236455.
5, 5581, 23911
What are the prime factors of 264848838?
2, 3, 44141473
What are the prime factors of 23511319?
13, 541, 3343
What are the prime factors of 4959433625?
5, 39675469
What are the prime factors of 65773411?
11, 5979401
What are the prime factors of 4318639?
13, 332203
What are the prime factors of 1039044898?
2, 109, 4766261
What are the prime factors of 251834610?
2, 3, 5, 8394487
List the prime factors of 745566611.
745566611
List the prime factors of 4019133070.
2, 5, 83, 4842329
What are the prime factors of 495873980?
2, 5, 7, 3541957
List the prime factors of 9647197.
7, 761, 1811
List the prime factors of 1029843884.
2, 17, 47, 322229
What are the prime factors of 97849993?
4421, 22133
What are the prime factors of 89502729?
3, 23, 29, 44729
What are the prime factors of 235845120?
2, 3, 5, 7, 41, 107
What are the prime factors of 75670826?
2, 7, 11, 89, 5521
List the prime factors of 1994314152.
2, 3, 47, 401, 4409
List the prime factors of 262722451.
262722451
What are the prime factors of 80748169?
80748169
List the prime factors of 604309474.
2, 31, 229, 1373
List the prime factors of 2876038771.
563, 787, 6491
What are the prime factors of 2514355566?
2, 3, 11177, 37493
List the prime factors of 68848241.
7, 11, 31, 28843
What are the prime factors of 500176140?
2, 3, 5, 19, 541, 811
List the prime factors of 107746360.
2, 5, 41, 65699
What are the prime factors of 3354752398?
2, 1677376199
What are the prime factors of 34258079?
139, 193, 1277
List the prime factors of 2042897661.
3, 7, 173, 26777
What are the prime factors of 574163295?
3, 5, 38277553
What are the prime factors of 800744021?
7, 11, 97, 107209
What are the prime factors of 130499022?
2, 3, 263, 82699
List the prime factors of 28169565.
3, 5, 227, 8273
What are the prime factors of 1873316?
2, 269, 1741
List the prime factors of 641907583.
9241, 69463
List the prime factors of 8369717.
227, 36871
What are the prime factors of 6914017923?
3, 101, 22818541
List the prime factors of 217435325.
5, 101, 86113
List the prime factors of 38920224.
2, 3, 7, 57917
List the prime factors of 470022165.
3, 5, 10444937
List the prime factors of 337760107.
569, 593603
What are the prime factors of 331357213?
11, 71, 424273
List the prime factors of 145532868.
2, 3, 13, 23, 47, 863
What are the prime factors of 237029382?
2, 3, 71, 211, 293
What are the prime factors of 509857252?
2, 127464313
List the prime factors of 91006724.
2, 53, 429277
List the prime factors of 64232562.
2, 3, 17, 2179
List the prime factors of 4273278620.
2, 5, 13, 193, 85159
List the prime factors of 89500502.
2, 7, 13, 47, 10463
List the prime factors of 32482972.
2, 97, 83719
What are the prime factors of 58424503?
113, 683, 757
List the prime factors of 3249768557.
7, 59, 7868689
What are the prime factors of 6181596585?
3, 5, 257, 373, 1433
List the prime factors of 55627685.
5, 23, 483719
List the prime factors of 207864607.
207864607
What are the prime factors of 50699568?
2, 3, 1056241
What are the prime factors of 3270547138?
2, 397, 4119077
List the prime factors of 2764702058.
2, 6113, 226133
List the prime factors of 278865113.
12917, 21589
What are the prime factors of 5444145?
3, 5, 7, 823
List the prime factors of 913131158.
2, 73, 6254323
What are the prime factors of 500053302?
2, 3, 7, 41, 96797
List the prime factors of 99867077.
599, 166723
List the prime factors of 847804047.
3, 61, 4632809
What are the prime factors of 404848603?
71, 113, 50461
List the prime factors of 2663353726.
2, 11, 113, 1071341
What are the prime factors of 29216079?
3, 29, 37313
List the prime factors of 174344151.
3, 2311, 25147
What are the prime factors of 647553537?
3, 71950393
List the prime factors of 258628473.
3, 28736497
What are the prime factors of 1313686328?
2, 7109, 23099
What are the prime factors of 153019274?
2, 19, 4026823
List the prime factors of 5605266.
2, 3, 19, 49169
What are the prime factors of 1943734814?
2, 7, 17, 480409
What are the prime factors of 32984757?
3, 13, 281921
List the prime factors of 55623905.
5, 311, 35771
What are the prime factors of 1511503765?
5, 23, 691, 827
List the prime factors of 94399447.
5653, 16699
What are the prime factors of 85643800?
2, 5, 11, 3539
List the prime factors of 99312301.
11, 53, 170347
What are the prime factors of 390942915?
3, 5, 11, 2369351
List the prime factors of 78539744.
2, 2454367
What are the prime factors of 731136802?
2, 11, 53, 619, 1013
What are the pri